{"id":11,"date":"2021-06-15T09:02:33","date_gmt":"2021-06-15T07:02:33","guid":{"rendered":"http:\/\/d.r1.wbsprt.com\/esencia-masaznecentrum.sk\/?page_id=11"},"modified":"2022-11-29T16:22:46","modified_gmt":"2022-11-29T15:22:46","slug":"uvodna-stranka","status":"publish","type":"page","link":"https:\/\/esencia-masaznecentrum.sk\/","title":{"rendered":"\u00davodn\u00e1 str\u00e1nka"},"content":{"rendered":"\n<p><\/p>\n\n\n\n<p><\/p>\n\n\n<h4>Esencia &#8211; mas\u00e1\u017ene centrum<\/h4>\n<p>Esencia &#8211; mas\u00e1\u017ene centrum<\/p>\n\n\n<p>Slovo slovo Slovo slovoSlovo slovoSlovo slovoSlovo slovoSlovo slovoSlovo slovoSlovo slovoSlovo slovo<\/p>\n\n\n\n<pre class=\"wp-block-code\"><code>&#91;video_embed name=\"salon\"]<\/code><\/pre>\n","protected":false},"excerpt":{"rendered":"<p>Esencia &#8211; mas\u00e1\u017ene centrum Esencia &#8211; mas\u00e1\u017ene centrum Slovo slovo Slovo slovoSlovo slovoSlovo slovoSlovo slovoSlovo slovoSlovo slovoSlovo slovoSlovo slovo<\/p>\n","protected":false},"author":1,"featured_media":0,"parent":0,"menu_order":0,"comment_status":"closed","ping_status":"closed","template":"","meta":{"footnotes":""},"class_list":["post-11","page","type-page","status-publish","hentry"],"yoast_head":"<!-- This site is optimized with the Yoast SEO plugin v26.8 - https:\/\/yoast.com\/product\/yoast-seo-wordpress\/ -->\n<title>Esencia - mas\u00e1\u017ene centrum - \u00davodn\u00e1 str\u00e1nka - Miroslav Kriak<\/title>\n<meta name=\"description\" content=\"Esencia-mas\u00e1\u017ene centrum je Va\u0161\u00edm miestom pre oddych a relax. Objednajte sa ku n\u00e1m a ostatn\u00e9 nechajte na odborn\u00edkovi.\" \/>\n<meta name=\"robots\" content=\"index, follow, max-snippet:-1, max-image-preview:large, max-video-preview:-1\" \/>\n<link rel=\"canonical\" href=\"https:\/\/esencia-masaznecentrum.sk\/\" \/>\n<meta property=\"og:locale\" content=\"sk_SK\" \/>\n<meta property=\"og:type\" content=\"article\" \/>\n<meta property=\"og:title\" content=\"Esencia - mas\u00e1\u017ene centrum - \u00davodn\u00e1 str\u00e1nka - Miroslav Kriak\" \/>\n<meta property=\"og:description\" content=\"Esencia-mas\u00e1\u017ene centrum je Va\u0161\u00edm miestom pre oddych a relax. Objednajte sa ku n\u00e1m a ostatn\u00e9 nechajte na odborn\u00edkovi.\" \/>\n<meta property=\"og:url\" content=\"https:\/\/esencia-masaznecentrum.sk\/\" \/>\n<meta property=\"og:site_name\" content=\"Esencia\" \/>\n<meta property=\"article:modified_time\" content=\"2022-11-29T15:22:46+00:00\" \/>\n<meta name=\"twitter:card\" content=\"summary_large_image\" \/>\n<meta name=\"twitter:label1\" content=\"Predpokladan\u00fd \u010das \u010d\u00edtania\" \/>\n\t<meta name=\"twitter:data1\" content=\"1 min\u00fata\" \/>\n<script type=\"application\/ld+json\" class=\"yoast-schema-graph\">{\"@context\":\"https:\/\/schema.org\",\"@graph\":[{\"@type\":\"WebPage\",\"@id\":\"https:\/\/esencia-masaznecentrum.sk\/\",\"url\":\"https:\/\/esencia-masaznecentrum.sk\/\",\"name\":\"Esencia - mas\u00e1\u017ene centrum - \u00davodn\u00e1 str\u00e1nka - Miroslav Kriak\",\"isPartOf\":{\"@id\":\"https:\/\/esencia-masaznecentrum.sk\/#website\"},\"datePublished\":\"2021-06-15T07:02:33+00:00\",\"dateModified\":\"2022-11-29T15:22:46+00:00\",\"description\":\"Esencia-mas\u00e1\u017ene centrum je Va\u0161\u00edm miestom pre oddych a relax. Objednajte sa ku n\u00e1m a ostatn\u00e9 nechajte na odborn\u00edkovi.\",\"breadcrumb\":{\"@id\":\"https:\/\/esencia-masaznecentrum.sk\/#breadcrumb\"},\"inLanguage\":\"sk-SK\",\"potentialAction\":[{\"@type\":\"ReadAction\",\"target\":[\"https:\/\/esencia-masaznecentrum.sk\/\"]}]},{\"@type\":\"BreadcrumbList\",\"@id\":\"https:\/\/esencia-masaznecentrum.sk\/#breadcrumb\",\"itemListElement\":[{\"@type\":\"ListItem\",\"position\":1,\"name\":\"Home\",\"item\":\"https:\/\/esencia-masaznecentrum.sk\/\"},{\"@type\":\"ListItem\",\"position\":2,\"name\":\"\u00davodn\u00e1 str\u00e1nka\"}]},{\"@type\":\"WebSite\",\"@id\":\"https:\/\/esencia-masaznecentrum.sk\/#website\",\"url\":\"https:\/\/esencia-masaznecentrum.sk\/\",\"name\":\"Esencia\",\"description\":\"Mas\u00e1\u017ene centrum\",\"publisher\":{\"@id\":\"https:\/\/esencia-masaznecentrum.sk\/#organization\"},\"potentialAction\":[{\"@type\":\"SearchAction\",\"target\":{\"@type\":\"EntryPoint\",\"urlTemplate\":\"https:\/\/esencia-masaznecentrum.sk\/?s={search_term_string}\"},\"query-input\":{\"@type\":\"PropertyValueSpecification\",\"valueRequired\":true,\"valueName\":\"search_term_string\"}}],\"inLanguage\":\"sk-SK\"},{\"@type\":\"Organization\",\"@id\":\"https:\/\/esencia-masaznecentrum.sk\/#organization\",\"name\":\"Esencia\",\"url\":\"https:\/\/esencia-masaznecentrum.sk\/\",\"logo\":{\"@type\":\"ImageObject\",\"inLanguage\":\"sk-SK\",\"@id\":\"https:\/\/esencia-masaznecentrum.sk\/#\/schema\/logo\/image\/\",\"url\":\"https:\/\/esencia-masaznecentrum.sk\/wp-content\/uploads\/2021\/06\/rsz_1esencia-page-001-removebg-preview.png\",\"contentUrl\":\"https:\/\/esencia-masaznecentrum.sk\/wp-content\/uploads\/2021\/06\/rsz_1esencia-page-001-removebg-preview.png\",\"width\":90,\"height\":90,\"caption\":\"Esencia\"},\"image\":{\"@id\":\"https:\/\/esencia-masaznecentrum.sk\/#\/schema\/logo\/image\/\"}}]}<\/script>\n<!-- \/ Yoast SEO plugin. -->","yoast_head_json":{"title":"Esencia - mas\u00e1\u017ene centrum - \u00davodn\u00e1 str\u00e1nka - Miroslav Kriak","description":"Esencia-mas\u00e1\u017ene centrum je Va\u0161\u00edm miestom pre oddych a relax. Objednajte sa ku n\u00e1m a ostatn\u00e9 nechajte na odborn\u00edkovi.","robots":{"index":"index","follow":"follow","max-snippet":"max-snippet:-1","max-image-preview":"max-image-preview:large","max-video-preview":"max-video-preview:-1"},"canonical":"https:\/\/esencia-masaznecentrum.sk\/","og_locale":"sk_SK","og_type":"article","og_title":"Esencia - mas\u00e1\u017ene centrum - \u00davodn\u00e1 str\u00e1nka - Miroslav Kriak","og_description":"Esencia-mas\u00e1\u017ene centrum je Va\u0161\u00edm miestom pre oddych a relax. Objednajte sa ku n\u00e1m a ostatn\u00e9 nechajte na odborn\u00edkovi.","og_url":"https:\/\/esencia-masaznecentrum.sk\/","og_site_name":"Esencia","article_modified_time":"2022-11-29T15:22:46+00:00","twitter_card":"summary_large_image","twitter_misc":{"Predpokladan\u00fd \u010das \u010d\u00edtania":"1 min\u00fata"},"schema":{"@context":"https:\/\/schema.org","@graph":[{"@type":"WebPage","@id":"https:\/\/esencia-masaznecentrum.sk\/","url":"https:\/\/esencia-masaznecentrum.sk\/","name":"Esencia - mas\u00e1\u017ene centrum - \u00davodn\u00e1 str\u00e1nka - Miroslav Kriak","isPartOf":{"@id":"https:\/\/esencia-masaznecentrum.sk\/#website"},"datePublished":"2021-06-15T07:02:33+00:00","dateModified":"2022-11-29T15:22:46+00:00","description":"Esencia-mas\u00e1\u017ene centrum je Va\u0161\u00edm miestom pre oddych a relax. Objednajte sa ku n\u00e1m a ostatn\u00e9 nechajte na odborn\u00edkovi.","breadcrumb":{"@id":"https:\/\/esencia-masaznecentrum.sk\/#breadcrumb"},"inLanguage":"sk-SK","potentialAction":[{"@type":"ReadAction","target":["https:\/\/esencia-masaznecentrum.sk\/"]}]},{"@type":"BreadcrumbList","@id":"https:\/\/esencia-masaznecentrum.sk\/#breadcrumb","itemListElement":[{"@type":"ListItem","position":1,"name":"Home","item":"https:\/\/esencia-masaznecentrum.sk\/"},{"@type":"ListItem","position":2,"name":"\u00davodn\u00e1 str\u00e1nka"}]},{"@type":"WebSite","@id":"https:\/\/esencia-masaznecentrum.sk\/#website","url":"https:\/\/esencia-masaznecentrum.sk\/","name":"Esencia","description":"Mas\u00e1\u017ene centrum","publisher":{"@id":"https:\/\/esencia-masaznecentrum.sk\/#organization"},"potentialAction":[{"@type":"SearchAction","target":{"@type":"EntryPoint","urlTemplate":"https:\/\/esencia-masaznecentrum.sk\/?s={search_term_string}"},"query-input":{"@type":"PropertyValueSpecification","valueRequired":true,"valueName":"search_term_string"}}],"inLanguage":"sk-SK"},{"@type":"Organization","@id":"https:\/\/esencia-masaznecentrum.sk\/#organization","name":"Esencia","url":"https:\/\/esencia-masaznecentrum.sk\/","logo":{"@type":"ImageObject","inLanguage":"sk-SK","@id":"https:\/\/esencia-masaznecentrum.sk\/#\/schema\/logo\/image\/","url":"https:\/\/esencia-masaznecentrum.sk\/wp-content\/uploads\/2021\/06\/rsz_1esencia-page-001-removebg-preview.png","contentUrl":"https:\/\/esencia-masaznecentrum.sk\/wp-content\/uploads\/2021\/06\/rsz_1esencia-page-001-removebg-preview.png","width":90,"height":90,"caption":"Esencia"},"image":{"@id":"https:\/\/esencia-masaznecentrum.sk\/#\/schema\/logo\/image\/"}}]}},"_links":{"self":[{"href":"https:\/\/esencia-masaznecentrum.sk\/index.php?rest_route=\/wp\/v2\/pages\/11","targetHints":{"allow":["GET"]}}],"collection":[{"href":"https:\/\/esencia-masaznecentrum.sk\/index.php?rest_route=\/wp\/v2\/pages"}],"about":[{"href":"https:\/\/esencia-masaznecentrum.sk\/index.php?rest_route=\/wp\/v2\/types\/page"}],"author":[{"embeddable":true,"href":"https:\/\/esencia-masaznecentrum.sk\/index.php?rest_route=\/wp\/v2\/users\/1"}],"replies":[{"embeddable":true,"href":"https:\/\/esencia-masaznecentrum.sk\/index.php?rest_route=%2Fwp%2Fv2%2Fcomments&post=11"}],"version-history":[{"count":6,"href":"https:\/\/esencia-masaznecentrum.sk\/index.php?rest_route=\/wp\/v2\/pages\/11\/revisions"}],"predecessor-version":[{"id":443,"href":"https:\/\/esencia-masaznecentrum.sk\/index.php?rest_route=\/wp\/v2\/pages\/11\/revisions\/443"}],"wp:attachment":[{"href":"https:\/\/esencia-masaznecentrum.sk\/index.php?rest_route=%2Fwp%2Fv2%2Fmedia&parent=11"}],"curies":[{"name":"wp","href":"https:\/\/api.w.org\/{rel}","templated":true}]}}